ctors of 1886966?
2, 17, 19, 23, 127
List the prime factors of 318294.
2, 3, 17683
List the prime factors of 2021128.
2, 252641
What are the prime factors of 924915?
3, 5, 197, 313
What are the prime factors of 237748?
2, 7, 1213
What are the prime factors of 3310935?
3, 5, 103, 2143
List the prime factors of 5272133.
73, 72221
What are the prime factors of 178410?
2, 3, 5, 19, 313
List the prime factors of 6822317.
199, 34283
What are the prime factors of 3157347?
3, 127, 8287
What are the prime factors of 565080?
2, 3, 5, 17, 277
What are the prime factors of 1385675?
5, 43, 1289
What are the prime factors of 609586?
2, 17, 17929
What are the prime factors of 5906303?
13, 454331
List the prime factors of 305534.
2, 152767
What are the prime factors of 67559?
67559
List the prime factors of 14171903.
3607, 3929
List the prime factors of 1681847.
73, 23039
List the prime factors of 276062.
2, 97, 1423
What are the prime factors of 8216690?
2, 5, 571, 1439
List the prime factors of 1614568.
2, 201821
What are the prime factors of 202280?
2, 5, 13, 389
List the prime factors of 191118.
2, 3, 53, 601
List the prime factors of 4125601.
4125601
List the prime factors of 1019307.
3, 339769
What are the prime factors of 88289?
88289
What are the prime factors of 5306798?
2, 7, 54151
What are the prime factors of 226431?
3, 139, 181
What are the prime factors of 3228306?
2, 3, 538051
List the prime factors of 809922.
2, 3, 23, 5869
What are the prime factors of 2476848?
2, 3, 11, 4691
List the prime factors of 3062679.
3, 1020893
List the prime factors of 2376519.
3, 103, 7691
List the prime factors of 9476586.
2, 3, 7, 75211
List the prime factors of 940469.
940469
List the prime factors of 34131052.
2, 1117, 7639
What are the prime factors of 12106139?
71, 170509
What are the prime factors of 7045359?
3, 491, 4783
List the prime factors of 3160613.
3160613
What are the prime factors of 9355137?
3, 11, 283489
List the prime factors of 3382548.
2, 3, 13, 21683
What are the prime factors of 8071199?
8071199
What are the prime factors of 16643521?
16643521
List the prime factors of 215067.
3, 17, 4217
What are the prime factors of 731734?
2, 569, 643
List the prime factors of 229184.
2, 3581
List the prime factors of 194016.
2, 3, 43, 47
List the prime factors of 509199.
3, 169733
What are the prime factors of 1769912?
2, 221239
What are the prime factors of 664823?
43, 15461
List the prime factors of 442148.
2, 7, 15791
What are the prime factors of 632194?
2, 316097
List the prime factors of 2568326.
2, 17, 75539
List the prime factors of 355039.
355039
What are the prime factors of 1995795?
3, 5, 44351
List the prime factors of 115388.
2, 7, 13, 317
List the prime factors of 13265774.
2, 6632887
What are the prime factors of 1488475?
5, 59539
List the prime factors of 11318534.
2, 31, 311, 587
List the prime factors of 2830133.
2830133
What are the prime factors of 10310569?
31, 10729
List the prime factors of 146830.
2, 5, 14683
What are the prime factors of 2944800?
2, 3, 5, 409
What are the prime factors of 152609?
17, 47, 191
What are the prime factors of 16216?
2, 2027
What are the prime factors of 8617911?
3, 1283, 2239
List the prime factors of 155793.
3, 11, 4721
List the prime factors of 768705.
3, 5, 7, 7321
What are the prime factors of 1453822?
2, 726911
What are the prime factors of 103197?
3, 41, 839
List the prime factors of 372286.
2, 19, 97, 101
What are the prime factors of 635180?
2, 5, 7, 13, 349
List the prime factors of 101395.
5, 7, 2897
What are the prime factors of 169226?
2, 191, 443
What are the prime factors of 15960238?
2, 7, 281, 4057
What are the prime factors of 3651954?
2, 3, 608659
What are the prime factors of 477456?
2, 3, 7, 29
What are the prime factors of 2527508?
2, 67, 9431
List the prime factors of 1577394.
2, 3, 7, 13, 107
What are the prime factors of 184451?
67, 2753
List the prime factors of 1313841.
3, 437947
List the prime factors of 339610.
2, 5, 33961
What are the prime factors of 7786455?
3, 5, 519097
What are the prime factors of 1402654?
2, 11, 103, 619
What are the prime factors of 200898?
2, 3, 11161
List the prime factors of 5148672.
2, 3, 419
What are the prime factors of 794762?
2, 173, 2297
List the prime factors of 9010424.
2, 53, 79, 269
What are the prime factors of 1170172?
2, 19, 89, 173
What are the prime factors of 3145991?
199, 15809
What are the prime factors of 4203721?
101, 41621
What are the prime factors of 2814278?
2, 269, 5231
List the prime factors of 601612.
2, 11, 113
List the prime factors of 5075224.
2, 7, 11, 107
List the prime factors of 10947454.
2, 7, 781961
List the prime factors of 37898.
2, 7, 2707
List the prime factors of 803202.
2, 3, 263, 509
What are the prime factors of 557469?
3, 11, 1877
List the prime factors of 2058145.
5, 107, 3847
What are the prime factors of 121984?
2, 953
What are the prime factors of 248755?
5, 13, 43, 89
What are the prime factors of 301383?
3, 33487
What are the prime factors of 425989?
425989
List the prime factors of 1710675.
3, 5, 7603
List the prime factors of 29771433.
3, 1567, 2111
What are the prime factors of 44966727?
3, 13, 384331
What are the prime factors of 301261?
419, 719
List the prime factors of 1331311.
19, 41, 1709
What are the prime factors of 87012?
2, 3, 2417
List the prime factors of 7355292.
2, 3, 7, 1787
List the prime factors of 316492.
2, 11, 7193
List the prime factors of 3661602.
2, 3, 7, 87181
List the prime factors of 3850083.
3, 427787
What are the prime factors of 253457?
191, 1327
What are the prime factors of 3724448?
2, 7, 13, 1279
List the prime factors of 5060951.
7, 17, 71, 599
List the prime factors of 2326050.
2, 3, 5, 1723
List the prime factors of 4354513.
4354513
List the prime factors of 27482852.
2, 6870713
List the prime factors of 11408085.
3, 5, 13, 19501
What are the prime factors of 3644049?
3, 1214683
List the prime factors of 20435212.
2, 7, 457, 1597
List the prime factors of 175314.
2, 3, 61, 479
List the prime factors of 235509.
3, 29, 2707
What are the prime factors of 11825754?
2, 3, 1970959
List the prime factors of 5885725.
5, 19, 12391
List the prime factors of 258168.
2, 3, 31, 347
What are the prime factors of 3209141?
13, 17, 1117
What are the prime factors of 3274172?
2, 11, 74413
What are the prime factors of 2135404?
2, 17, 31, 1013
List the prime factors of 10254115.
5, 2050823
List the prime factors of 26193107.
17, 71, 21701
What are the prime factors of 5524145?
5, 11, 47, 2137
What are the prime factors of 18090615?
3, 5, 101, 11941
What are the prime factors of 1072861?
487, 2203
What are the prime factors of 82592?
2, 29, 89
What are the prime factors of 16135882?
2, 7, 271, 4253
What are the prime factors of 233386?
2, 61, 1913
What are the prime factors of 655491?
3, 151, 1447
What are the prime factors of 2686495?
5, 7, 76757
What are the prime factors of 246341?
181, 1361
List the prime factors of 5764601.
103, 55967
What are the prime factors of 58568?
2, 7321
List the prime factors of 266229.
3, 29581
List the prime factors of 392250.
2, 3, 5, 523
List the prime factors of 1104279.
3, 11, 109, 307
List the prime factors of 129157.
7, 18451
List the prime factors of 452419.
11, 3739
What are the prime factors of 392915?
5, 78583
What are the prime factors of 91209?
3, 30403
List the prime factors of 225444.
2, 3, 18787
What are the prime factors of 694777?
53, 13109
List the prime factors of 663245.
5, 11, 31, 389
List the prime factors of 374469.
3, 124823
What are the prime factors of 2195191?
2195191
What are the prime factors of 4971387?
3, 1657129
List the prime factors of 103145.
5, 7, 421
What are the prime factors of 549215?
5, 109843
List the prime factors of 2765311.
83, 33317
What are the prime factors of 10196086?
2, 31, 47, 3499
List the prime factors of 1558772.
2, 181, 2153
List the prime factors of 2795712.
2, 3, 14561
What are the prime factors of 16982640?
2, 3, 5, 103, 229
What are the prime factors of 8408045?
5, 193, 8713
What are the prime factors of 578874?
2, 3, 96479
What are the prime factors of 135157?
11, 1117
List the prime factors of 19168635.
3, 5, 1277909
List the prime factors of 1806123.
3, 11, 229, 239
What are the